4
Let d(o) = 37*o**3 + 739*o**2 - 29*o - 183. Give d(-20).
-3
Let v(b) = -b**3 - 42*b**2 - 244*b + 901. Determine v(-34).
-51
Let g(x) = 33024*x - 2014475. What is g(61)?
-11
Let b(u) = -64737*u - 193967. Calculate b(-3).
244
Let w(j) = -3739*j - 104256. Calculate w(-28).
436
Let c(q) = 12*q**2 - 2118*q + 349. What is c(175)?
-2801
Let b(s) = 107*s**2 - 4188*s - 3679. Determine b(40).
1
Let o(r) = -981*r - 91201. What is o(-93)?
32
Let g(a) = -51478*a + 2265050. Calculate g(44).
18
Let g(m) = 34147*m - 1570740. What is g(46)?
22
Let o(q) = -92158*q - 5068694. Give o(-55).
-4
Let z(d) = d**3 - 209*d**2 - 195*d - 3325. Give z(210).
-175
Let a(i) = -4*i**3 - 1046*i**2 + 7574*i - 410. What is a(7)?
-18
Let d(n) = -6*n**2 - 665*n + 4264. Determine d(6).
58
Let l(r) = -74*r - 742. What is l(-13)?
220
Let m(r) = -9732*r - 29181. What is m(-3)?
15
Let c(x) = -x**3 + 11*x**2 - 143*x - 3516. What is c(-10)?
14
Let x(w) = -388*w - 10147. What is x(-22)?
-1611
Let n(y) = -6*y**3 - 90*y**2 - 20*y + 30. Calculate n(-14).
-866
Let a(j) = 2472*j**2 - 22233*j - 139. What is a(9)?
-4
Let r(d) = -d**3 - 80*d**2 + 119*d + 2440. Give r(-81).
-638
Let l(j) = -2*j**3 - 256*j**2 + 4611*j + 935. What is l(-144)?
503
Let i(b) = -32979*b - 1319151. Determine i(-40).
9
Let q(g) = -8301*g**2 + 83111*g + 7. Determine q(10).
1017
Let w(z) = -2*z**3 + 58*z**2 + 852*z - 2821. Calculate w(39).
-13
Let t(g) = -g**3 - 26*g**2 - 116*g + 570. Determine t(-14).
-158
Let v(b) = 4494*b + 242646. Give v(-54).
-30
Let v(h) = -1205*h - 177170. What is v(-147)?
-35
Let h(b) = -750*b**2 - 34499*b + 28. Give h(-46).
-18
Let h(j) = -12167*j - 24170. Determine h(-2).
164
Let o(n) = -n**3 - 323*n**2 - 13885*n - 659. What is o(-51)?
4
Let j(u) = 7505*u - 495112. Calculate j(66).
218
Let x(p) = -3*p**3 + 55*p**2 + 42*p + 422. What is x(0)?
422
Let l(k) = 121*k - 26037. What is l(215)?
-22
Let u(c) = c**2 - 535*c - 31638. What is u(-52)?
-1114
Let a(t) = 3973*t + 63573. Determine a(-16).
5
Let h(d) = 5443*d**2 + 10881*d - 6. What is h(-2)?
4
Let v(j) = j**2 - 584*j - 453430. Calculate v(-442).
62
Let k(m) = -77*m**2 - 9579*m - 13323. What is k(-123)?
-39
Let f(s) = -4*s**2 + 18*s + 20. What is f(6)?
-16
Let o(r) = 1504*r - 16378. What is o(11)?
166
Let t(x) = 5290713*x + 31744279. What is t(-6)?
1
Let l(t) = -25*t**2 - 1517*t - 19819. Calculate l(-19).
-21
Let s(v) = 12*v**2 - 263*v - 7390. Calculate s(38).
-56
Let w(a) = 4*a**2 + 3323*a + 88643. What is w(-27)?
1838
Let k(m) = -90*m - 6200. Give k(-87).
1630
Let d(r) = 3855*r - 1703912. Calculate d(442).
-2
Let i(s) = -7*s**3 + 390*s**2 - 61*s + 9693. What is i(56)?
5
Let c(j) = j**3 - 30*j**2 - 12*j - 111. What is c(16)?
-3887
Let x(v) = 2*v**2 + 5234*v - 89488. What is x(17)?
68
Let c(g) = -4920*g - 235913. What is c(-48)?
247
Let u(i) = -i**2 - 293*i - 14466. Determine u(-230).
24
Let h(n) = -999*n - 2686. Determine h(-3).
311
Let m(o) = -2*o**3 + 65*o**2 - 271*o + 24. Give m(5).
44
Let m(z) = -81*z - 10006. Calculate m(-127).
281
Let w(t) = 13*t**3 - t**2 - 4*t + 57. Determine w(-5).
-1573
Let g(c) = c**3 + 7*c**2 + 6*c + 136. Determine g(-9).
-80
Let k(a) = -349*a**3 - 1394*a**2 + 127*a + 482. What is k(-4)?
6
Let p(w) = 2*w**2 - 179*w + 538. Calculate p(54).
-3296
Let b(v) = 215807*v - 14674878. What is b(68)?
-2
Let h(l) = -4*l**3 - 154*l**2 - 103*l - 1052. What is h(-38)?
-26
Let r(o) = 4*o**3 + 212*o**2 - 224*o - 11892. Determine r(-53).
-20
Let h(k) = -32*k**2 - 1902*k - 13764. Give h(-51).
6
Let q(k) = 40*k**2 - 50259*k + 323746. Determine q(1250).
-4
Let x(c) = -20*c - 1624. Give x(-52).
-584
Let s(q) = -q**3 - 22*q**2 + 414*q - 1376. Calculate s(8).
16
Let q(n) = -2*n**3 - 28*n**2 - 249*n - 1120. Determine q(-11).
893
Let v(d) = -d**3 - 75*d**2 + 666*d + 50054. Determine v(-75).
104
Let w(c) = 9785*c + 48836. What is w(-5)?
-89
Let z(w) = 7*w**3 + 1197*w**2 - 20950*w - 1120. Calculate z(-187).
2
Let u(z) = 40950*z + 81786. Give u(-2).
-114
Let o(x) = 2*x**2 - 1957*x + 117003. Determine o(64).
-53
Let i(m) = m**2 + 104*m + 4494. What is i(-74)?
2274
Let q(o) = 2*o**2 + 78*o - 327. Give q(4).
17
Let j(y) = -y**3 + 4*y**2 - 2170*y + 8677. Calculate j(4).
-3
Let n(v) = -v**3 - 691*v**2 + 3525*v + 31304. What is n(-696)?
-16
Let z(m) = -123*m - 9191. Give z(-77).
280
Let l(u) = 3680*u + 18738. Give l(-5).
338
Let x(u) = -2*u**3 + 3367*u**2 - 2066*u + 644583. Determine x(1683).
-6
Let i(r) = -110*r - 16372. Give i(-144).
-532
Let i(t) = -t**2 - 521*t - 45. Determine i(0).
-45
Let p(b) = 16*b + 3273. Determine p(-179).
409
Let k(s) = 107*s**2 + 6199*s - 380. Determine k(-58).
26
Let z(k) = -k**3 - 15*k**2 - 58*k - 1295. What is z(-17)?
269
Let n(k) = -111228*k - 1557195. What is n(-14)?
-3
Let s(j) = 2*j**2 - 2872*j - 336808. What is s(-109)?
2
Let q(n) = -247*n + 763. Determine q(3).
22
Let b(g) = 4*g**3 + 54*g**2 - 43*g - 1801. Determine b(-10).
29
Let o(x) = 5*x**2 - 504*x + 4698. Calculate o(90).
-162
Let w(f) = 2654*f - 13133. Give w(5).
137
Let d(i) = i**2 + 309*i - 1559. Determine d(5).
11
Let r(n) = 3*n**3 - 34*n**2 + 591*n + 627. What is r(-1)?
-1
Let y(p) = 384473*p + 4998104. What is y(-13)?
-45
Let s(u) = -18*u**2 + 513*u - 3339. Determine s(10).
-9
Let t(q) = q**3 + 9*q**2 - 17474*q - 209394. Calculate t(-12).
-138
Let g(z) = -z**2 - 478*z + 16565. Give g(32).
245
Let t(u) = -3289*u + 15190. Calculate t(5).
-1255
Let f(t) = -t**3 - 25*t**2 + 141*t + 4905. Calculate f(-17).
196
Let b(v) = -2189*v + 72240. Determine b(33).
3
Let h(b) = -92*b**2 - 10309*b - 558. What is h(-112)?
2
Let l(p) = 415*p**3 + 1658*p**2 - 70*p - 251. What is l(-4)?
-3
Let y(d) = 12606*d + 75593. Determine y(-6).
-43
Let p(w) = -9*w**3 + 380*w**2 - 132*w + 2023. Determine p(42).
7
Let k(m) = 17*m**2 - 53*m + 517. What is k(7)?
979
Let g(u) = 204*u**3 + 91*u - 190. Give g(2).
1624
Let b(n) = 2*n**3 - 139*n**2 - 509*n + 51. Give b(73).
197
Let c(m) = 73*m - 2751. Give c(38).
23
Let r(w) = 118*w**2 + 2247*w - 7775. Determine r(-22).
-97
Let l(r) = -r**3 + 2*r**2 + 129*r - 685. What is l(8)?
-37
Let h(m) = -11*m**2 + 115*m + 1821. Determine h(-9).
-105
Let f(u) = -u**3 + 116*u**2 - 774*u + 1019. Give f(109).
-180
Let s(o) = -175*o + 1152. Determine s(11).
-773
Let z(o) = -2*o**3 - 26*o**2 - 92*o + 18. Calculate z(-4).
98
Let g(r) = -r**2 + 649*r + 8051. Calculate g(-12).
119
Let c(w) = 3*w**3 - 251*w**2 + 4307*w - 299. Calculate c(24).
-35
Let z(w) = -17*w**2 + 461*w + 935. Determine z(-2).
-55
Let z(p) = p**3 - 134*p**2 - 15*p + 2593. Calculate z(134).
583
Let u(i) = i**2 - 112*i - 846. Determine u(121).
243
Let s(m) = 31433*m - 314014. Give s(10).
316
Let h(t) = 2858*t + 51441. Determine h(-18).
-3
Let h(g) = -890*g - 106804. Calculate h(-120).
-4
Let u(i) = -i**3 - 291*i**2 - 2246*i + 6136. Determine u(-283).
1042
Let r(w) = 53*w**2 - 7582*w + 404. Calculate r(143).
-25
Let d(l) = -778752*l + 2336230. Calculate d(3).
-26
Let f(h) = -2*h**3 - 185*h**2 - 1983*h - 19. What is f(-12)?
593
Let b(a) = 40072*a - 520902. Calculate b(13).
34
Let k(w) = -5285*w - 2712. What is k(-1)?
2573
Let o(n) = n**2 - 853*n - 13919. Calculate o(-16).
-15
Let z(v) = -15*v + 567. Give z(66).
-423
Let z(q) = -24*q**2 + 1905*q + 9497. Give z(-5).
-628
Let n(h) = 141791*h - 1418034. What is n(10)?
-124
Let b(d) = -19*d - 1422. Calculate b(-57).
-339
Let y(v) = -35*v**3 + 8*v**2 - 301*v + 894. Calculate y(3).
-882
Let b(l) = -l**3 + 121*l**2 + 130*l - 1007. Calculate b(122).
-31
Let n(a) = a**3 - 320*a**2 - 247*a - 23796. Calculate n(321).
-42
Let z(v) = 340*v + 70016. Determine z(-206).
-24
Let u(v) = -53*v**3 - 622*v**2 + 138*v - 345. Determine u(-12).
15
Let d(x) = -2*x**3 + 204*x**2 + 243*x - 3812. Determine d(103).
-1
Let v(c) = 2*c**3 + 326*c**2 - 393*c - 10629. Give v(-164).
31
Let f(y) = -2*y**2 + 3127*y + 650626. Determine f(-186).
-188
Let i(j) = 2*j**3 - 78*j**2 - 3572*j + 12478. Give i(65).
-2
Let i(x) = -x**2 - 8255*x - 16511. Determine i(-2).
-5
Let y(g) = 39*g - 1641. What is y(49)?
270
Let d(b) = -b**3 + 114*b**2 + 221*b + 15222. Calculate d(117).
12
Let f(v) = 8*v**2 + 283*v - 755. What is f(-38)?
43
Let o(l) = 6643*l - 6670. Determine o(1).
-27
Let b(g) = 844*g + 23562. What is b(-28)?
-70
Let c(o) = o**3 - 278*o**2 - 284*o + 1238. Determine c(279).
-157
Let m